ainder when f is divided by 17.
15
Let l(w) = 8*w - 1. Suppose -2*g - u = 1, -44 + 11 = -4*g + 5*u. Let t(q) = q**2 + q + 2. Calculate the remainder when t(6) is divided by l(g).
14
Let w be (-1)/(-1)*1*2. What is the remainder when 6 is divided by 0/(-2) + w + 1?
0
Suppose 2*j - w = -0*j + 46, -2*j + 58 = -4*w. Suppose -4*r = -r - j. What is the remainder when r is divided by 4?
3
Suppose j = 3*i - 67 - 34, -37 = -i + j. What is the remainder when i is divided by 18?
14
Suppose 2*t + 5*o = 191, -5*o - 164 - 110 = -3*t. What is the remainder when t is divided by 19?
17
Let d be ((-21)/(-15) - 2)*-5. Suppose -d*v - 131 + 476 = 0. Suppose 5*a - 4*r = v, -r - 152 = -4*a - 49. Calculate the remainder when a is divided by 14.
13
Let u(a) = -58*a**3 + a**2 + a. Calculate the remainder when 403 is divided by u(-1).
55
Calculate the remainder when 67 is divided by ((-8)/(-5))/(-1 + (-188)/(-180)).
31
Let h(i) = -i**3 + 3*i**2 + 6*i - 2. Let j be h(4). Let v(l) = l**2 - 3. Calculate the remainder when (-148)/j*3/(-2) is divided by v(4).
11
Let k(h) = h**3 - h**2 + 2*h + 21. Calculate the remainder when 81 is divided by k(0).
18
Suppose 0 = -0*t + t. Suppose a = -6*s + 3*s + 1, 5*a - s - 21 = t. Suppose o + 23 = -2*m + a*m, m = o + 12. Calculate the remainder when m is divided by 4.
3
Let r be -3*(260/(-12))/5. Let t = r + -10. Calculate the remainder when 3 is divided by t.
0
Suppose 4*t = 2*t + 8. What is the remainder when t is divided by ((-27)/(-6) - 4)*6?
1
Suppose 124 + 101 = 9*h. Calculate the remainder when h is divided by 26/(-3)*9/(-6).
12
Let a(d) = -d**3 + 6*d**2 - 3*d - 5. Calculate the remainder when 19 is divided by a(5).
4
Suppose -m + 5*h = -4*m, -2*m = -4*h - 22. Suppose -67 = -m*v - 12. Let f(o) = 2*o. Calculate the remainder when v is divided by f(3).
5
Suppose 2*a = -a - 3. Let q be (2 + -1)/(a/(-7)). Suppose -q*w + 2*w = -115. What is the remainder when w is divided by 6?
5
Let v(o) = o - 6. Let b be v(6). Suppose b = -2*p - 2*d + 54, -3*p + 4*p - 17 = d. Calculate the remainder when p is divided by 13.
9
Let v(c) = -c**3 + 4*c**2 - 4*c - 2. Let h be v(4). Let x = h + 27. Calculate the remainder when 1/3 + 33/x is divided by 2.
0
Suppose 2*d = 5*p + 27, -2*p = -2*d + 9 + 3. Let j = 11 - p. Calculate the remainder when 46 is divided by j.
14
Let o = -13 - -14. Calculate the remainder when 1 is divided by o.
0
Suppose -l + 27 = -36. Suppose -4*i - 3*g - g + 60 = 0, -3*i - 2*g + 46 = 0. Calculate the remainder when l is divided by i.
15
Suppose -9*f - 82 = -3*h - 4*f, -h + 4*f + 39 = 0. What is the remainder when 34 is divided by h?
15
Suppose 4*y = -20, 4*y = 4*s - 152 - 32. Let v be ((-6)/(-4) - -1)*2. Suppose -2*g + v*g = 42. Calculate the remainder when s is divided by g.
13
Suppose 3*c - g = -4*g, 4*g + 18 = 2*c. Calculate the remainder when 5 is divided by c.
2
Let r(b) = 4*b**2 + b - 1. Calculate the remainder when r(3) is divided by 21.
17
Let g(n) = n**3 - n**2 + 1. Let k be g(2). Suppose 2*v - 4*i = -3*v + 95, -k*v - 2*i + 125 = 0. Calculate the remainder when v is divided by 13.
10
Let v(y) = y**3 - y**2 - 2*y + 3. Let f be v(-4). Let q = f - -105. Suppose o + 6*l = 3*l + 9, -4*o + q = -2*l. Calculate the remainder when o is divided by 5.
4
Suppose 2*m = -3*n + 255, -2*m + 5*n + 270 - 23 = 0. Suppose m = 2*l - 4*l. Let p = 90 + l. What is the remainder when p is divided by 14?
13
Let b = -46 - -110. Suppose -5*h + 97 = 3*v, -3*h = -6*v + 2*v - b. Calculate the remainder when 77 is divided by h.
17
Suppose -19 + 8 = -o. Suppose -j - 4*a = -o, 0 = 2*j + a + 3*a - 34. Calculate the remainder when 68 is divided by j.
22
Suppose -3*x = -h - 56 - 38, 0 = 5*x - 2*h - 155. Calculate the remainder when x is divided by (4 + -1 + -4)/((-2)/18).
6
Let q be (2 + 14)*(-1)/2. Let p = 15 + q. What is the remainder when 19 is divided by p?
5
Suppose -p = 3*o - 47, -2*o - 3*p = 2*o - 71. What is the remainder when 52 is divided by o?
10
Calculate the remainder when 162 is divided by 10/45 + 590/18.
30
Suppose -4*b + 270 = 5*b. Calculate the remainder when b is divided by 16.
14
Let l be 2/(-12) - 423/54. Let y = 17 + l. What is the remainder when y is divided by 6?
3
Suppose 0 = 5*t + z + 195, 3*t - z = -0*t - 125. Let a = t + 64. What is the remainder when a is divided by 13?
11
Suppose y + 6 = 3*y. What is the remainder when (-4*(-18)/30)/(4/10) is divided by y?
0
Let m be ((-8)/3)/(2/(-15)). Let z = -14 + m. Suppose 0 = 5*a - z + 1. Calculate the remainder when 1 is divided by a.
0
Suppose 5*f = -5*x + 10, -4*x + 2*f + 10 + 16 = 0. Suppose x*w = -11 + 146. Suppose g + g - 20 = 0. What is the remainder when w is divided by g?
7
Let k = 52 + -43. Calculate the remainder when 25 is divided by k.
7
Let r = -27 + 38. What is the remainder when 21 is divided by r?
10
Let b(d) = 11*d**3 - d**2 + 1. Suppose -2*f + 5*f = 0. Suppose 2 = p + u + 4, f = -2*p + 2*u + 8. Calculate the remainder when 20 is divided by b(p).
9
Suppose -4*v + 1 + 7 = 0. Calculate the remainder when 11 is divided by v.
1
Let h = 69 + -51. Calculate the remainder when 107 is divided by h.
17
Suppose 4*h - 8*h = 32. Let f = h + 17. What is the remainder when 35 is divided by f?
8
Let c(w) = w**2 - 10*w - 6. Let k be c(10). Calculate the remainder when 9 is divided by (-19)/k - 2/12.
0
Suppose 2*g + 2*g + 16 = 0, -2*w + 8 = 2*g. Let n(o) = -o + 9. Let v be n(5). What is the remainder when w is divided by 6/v - 6/(-4)?
2
Let j = -49 + 69. Calculate the remainder when 75 is divided by j.
15
Let s = -7 - -39. Let k = s + -14. What is the remainder when 52 is divided by k?
16
Suppose 2*p + p - 5*n = 123, -n - 205 = -5*p. Let k = p + -13. What is the remainder when k is divided by 15?
13
Suppose 5*r + 30 = -5*k, 19 = -3*r + k - 3*k. Let x = r - -13. What is the remainder when 17 is divided by x?
5
Suppose -4*p - 1 = -17. Suppose p*f = 2*h - 70, -h - 5*f + 32 = 4. What is the remainder when h is divided by 12?
9
Suppose 0 = 4*i + n - 94, 111 = 3*i + 2*i - 2*n. Calculate the remainder when i is divided by 15.
8
Let h = -98 - -107. Suppose 0 = 2*j - 3*u - 64, 3*u - 5*u = 2*j - 54. Suppose -j = -3*x + 19. Calculate the remainder when x is divided by h.
7
Suppose -f = 3*n - 36, -3*f = -3*n + 2*f + 18. Let s(d) = d + 27 - d**2 + n + 0*d. Calculate the remainder when s(0) is divided by 13.
12
Let l = 117 - 31. Let c = 107 - 67. What is the remainder when c is divided by l/6 - 2/6?
12
Let r = 5 - 3. Suppose 45 = 3*p + r*p. Suppose 3*j - 2*f = j + 12, -3*f - p = 0. What is the remainder when 5 is divided by j?
2
Let m = 39 - 29. Calculate the remainder when 29 is divided by m.
9
Let b(v) = 2*v + 25. What is the remainder when 14 is divided by b(-11)?
2
Let x be (-1)/3 - 16/(-3). Suppose 3*o - 36 = -0*o - 3*l, 0 = -x*o + 4*l + 60. What is the remainder when 21 is divided by o?
9
Suppose -2*d + 48 - 8 = 0. Suppose d = w + 3. Calculate the remainder when w is divided by 7.
3
Let m = 29 - 25. Let f = 26 + -17. What is the remainder when f is divided by m?
1
What is the remainder when ((-91)/14)/(2/(-24)) is divided by 27?
24
Suppose c + 2*n = 6, 1 = -5*c - 5*n + 26. Let z be 11/2 - 2/c. Suppose -5*p = 2*h - p - 94, p + 235 = z*h. What is the remainder when h is divided by 16?
15
Calculate the remainder when 3 + (5 + -6)*-223 is divided by 57.
55
Let l = -4 - -6. Suppose k - 6*k = 10. What is the remainder when l is divided by (-5)/k + (-3)/6?
0
Suppose -3*l + 36 = -3. Let i = l - 5. Let h = 17 + -12. Calculate the remainder when i is divided by h.
3
Suppose -l + 146 = 4*j, 9*l - 6*l - 3*j = 423. Calculate the remainder when l is divided by 48.
46
What is the remainder when 9/(-12)*(2*-5 - 2) is divided by 3?
0
Suppose -n + 5*s + 12 + 42 = 0, -3*s + 90 = 3*n. Let c(q) = -2*q - 22. Calculate the remainder when n is divided by c(-17).
10
Let y(s) = 3*s**3 + 2*s**2 + 6*s - 13. Let t(r) = 2*r**3 + r**2 + 3*r - 7. Let d(g) = -5*t(g) + 3*y(g). Calculate the remainder when 66 is divided by d(-3).
20
Let i(p) = p**2 + 6*p + 1. Let j be i(-7). Suppose -4*x = -j - 24. What is the remainder when x is divided by 3?
2
Let v(w) be the second derivative of -5*w**3/6 - 7*w**2/2 - 6*w. Let q(p) = p**2 + 7*p. Let z be q(-5). What is the remainder when v(z) is divided by 11?
10
Let v = 20 - 3. Calculate the 